n divisor of 15 and 885?
15
Calculate the highest common factor of 56 and 2100.
28
Calculate the greatest common factor of 168 and 36.
12
What is the greatest common divisor of 100 and 1150?
50
Calculate the highest common divisor of 28 and 602.
14
Calculate the greatest common factor of 32 and 36.
4
Calculate the greatest common divisor of 155 and 62.
31
Calculate the greatest common factor of 112 and 144.
16
What is the greatest common divisor of 1179 and 9?
9
What is the greatest common factor of 60 and 40?
20
Calculate the highest common divisor of 21 and 77.
7
What is the highest common divisor of 1160 and 16?
8
What is the greatest common divisor of 104 and 224?
8
Calculate the highest common divisor of 3 and 39.
3
What is the highest common factor of 264 and 114?
6
What is the greatest common divisor of 2169 and 18?
9
Calculate the greatest common factor of 84 and 804.
12
Calculate the greatest common divisor of 716 and 16.
4
What is the greatest common factor of 86 and 31175?
43
What is the highest common factor of 28 and 1148?
28
Calculate the greatest common divisor of 246 and 205.
41
What is the highest common factor of 32 and 4064?
32
What is the highest common factor of 164 and 8?
4
Calculate the highest common divisor of 72 and 8232.
24
Calculate the highest common divisor of 70 and 1890.
70
Calculate the greatest common divisor of 24 and 102.
6
What is the highest common factor of 120 and 710?
10
What is the greatest common factor of 88 and 8536?
88
Calculate the greatest common divisor of 66 and 6.
6
Calculate the greatest common factor of 59 and 59.
59
Calculate the greatest common factor of 5120 and 40.
40
What is the highest common factor of 504 and 16?
8
What is the greatest common divisor of 27 and 999?
27
Calculate the greatest common factor of 369 and 9.
9
What is the greatest common divisor of 10810 and 20?
10
What is the highest common divisor of 104 and 7384?
104
What is the highest common factor of 11358 and 144?
18
What is the greatest common factor of 5 and 40?
5
What is the highest common factor of 20 and 468?
4
Calculate the greatest common divisor of 20 and 4240.
20
What is the greatest common factor of 119 and 68?
17
What is the greatest common divisor of 27 and 999?
27
What is the greatest common factor of 2800 and 2520?
280
Calculate the greatest common divisor of 15 and 2.
1
What is the greatest common factor of 3895 and 1640?
205
Calculate the highest common factor of 2 and 368.
2
What is the highest common factor of 408 and 153?
51
Calculate the highest common divisor of 272 and 1712.
16
What is the greatest common factor of 30 and 144?
6
Calculate the greatest common divisor of 11187 and 33.
33
Calculate the greatest common factor of 50 and 550.
50
Calculate the greatest common divisor of 708 and 3.
3
What is the highest common factor of 24 and 12?
12
What is the greatest common divisor of 297 and 54?
27
Calculate the greatest common divisor of 145 and 232.
29
Calculate the greatest common factor of 55 and 5.
5
What is the greatest common factor of 84 and 210?
42
What is the greatest common divisor of 36 and 3699?
9
Calculate the greatest common factor of 686 and 14.
14
What is the greatest common factor of 126 and 6867?
63
What is the highest common factor of 245 and 90?
5
What is the greatest common divisor of 192 and 252?
12
Calculate the highest common factor of 65 and 3055.
65
What is the highest common divisor of 6522 and 2?
2
Calculate the greatest common divisor of 176 and 2.
2
What is the greatest common factor of 68 and 119?
17
What is the greatest common divisor of 1755 and 13689?
351
What is the greatest common divisor of 1898 and 130?
26
What is the highest common factor of 87 and 57?
3
Calculate the greatest common factor of 130 and 4160.
130
What is the highest common divisor of 6 and 75?
3
Calculate the highest common divisor of 29 and 1.
1
Calculate the greatest common divisor of 266 and 665.
133
What is the highest common divisor of 1677 and 387?
129
Calculate the greatest common divisor of 4060 and 490.
70
Calculate the greatest common factor of 135 and 85.
5
What is the greatest common factor of 95 and 38?
19
Calculate the highest common divisor of 1573 and 13.
13
What is the greatest common divisor of 26488 and 172?
172
Calculate the greatest common factor of 1885 and 6090.
145
What is the highest common factor of 184 and 161?
23
Calculate the greatest common factor of 759 and 858.
33
Calculate the highest common divisor of 174 and 78.
6
Calculate the greatest common divisor of 56 and 56.
56
Calculate the highest common factor of 48609 and 11.
11
Calculate the greatest common divisor of 47 and 987.
47
Calculate the greatest common divisor of 3 and 6.
3
What is the highest common divisor of 54 and 21?
3
What is the greatest common factor of 96 and 568?
8
What is the highest common divisor of 693 and 1188?
99
Calculate the greatest common factor of 35 and 1715.
35
What is the highest common factor of 54 and 5202?
18
Calculate the greatest common factor of 28 and 28.
28
What is the greatest common divisor of 11 and 22?
11
What is the greatest common divisor of 80 and 1760?
80
Calculate the highest common factor of 917 and 49.
7
What is the highest common factor of 54 and 294?
6
What is the greatest common divisor of 2304 and 168?
24
Calculate the highest common factor of 217 and 7.
7
What is the greatest common divisor of 1788 and 24?
12
Calculate the highest common factor of 133 and 13699.
133
What is the greatest common divisor of 182 and 98?
14
What is the greatest common divisor of 45 and 405?
45
Calculate the greatest common divisor of 1875 and 1.
1
What is the highest common factor of 15 and 45?
15
Calculate the greatest common factor of 52 and 12.
4
What is the highest common divisor of 52 and 11076?
52
What is the greatest common factor of 98 and 784?
98
What is the highest common factor of 105 and 45?
15
What is the highest common factor of 18 and 198?
18
What is the greatest common factor of 8 and 424?
8
Calculate the greatest common factor of 198 and 2222.
22
Calculate the greatest common factor of 11 and 44.
11
What is the highest common factor of 512 and 1696?
32
Calculate the highest common factor of 70 and 490.
70
What is the highest common divisor of 104 and 1144?
104
Calculate the greatest common factor of 33 and 132.
33
Calculate the greatest common factor of 4459 and 13.
13
What is the highest common divisor of 253 and 23?
23
Calculate the greatest common factor of 160 and 128.
32
Calculate the highest common factor of 1199 and 11.
11
What is the greatest common factor of 237 and 1343?
79
What is the highest common divisor of 130 and 104?
26
What is the greatest common factor of 715 and 55?
55
Calculate the greatest common divisor of 366 and 5307.
183
What is the highest common divisor of 261 and 1218?
87
What is the greatest common factor of 64 and 144?
16
What is the highest common divisor of 6 and 486?
6
Calculate the highest common factor of 378 and 14.
14
Calculate the greatest common factor of 3 and 69.
3
What is the highest common factor of 7 and 294?
7
Calculate the highest common factor of 735 and 665.
35
What is the greatest common factor of 306 and 238?
34
Calculate the highest common factor of 2136 and 24.
24
Calculate the highest common divisor of 213 and 2485.
71
What is the greatest common factor of 114 and 54?
6
What is the highest common divisor of 125 and 12625?
125
What is the highest common divisor of 1152 and 480?
96
What is the highest common divisor of 12 and 60?
12
Calculate the greatest common divisor of 488 and 8.
8
What is the highest common divisor of 27340 and 20?
20
What is the greatest common divisor of 6 and 429?
3
Calculate the highest common divisor of 45 and 1395.
45
What is the highest common divisor of 518 and 14?
14
Calculate the highest common divisor of 1079 and 1.
1
What is the greatest common factor of 429 and 33?
33
What is the greatest common factor of 98 and 42?
14
What is the greatest common divisor of 282 and 1551?
141
What is the highest common divisor of 7 and 49?
7
What is the highest common divisor of 176 and 66?
22
What is the highest common divisor of 494 and 2242?
38
Calculate the highest common factor of 3248 